te number?
False
Let m(v) = v + 33. Is m(0) composite?
True
Let m(p) = 4*p**2 + 7*p + 1. Suppose 1 = -5*n - 19, -46 = -5*g + 4*n. Is m(g) a prime number?
False
Let a(v) = -3*v - 1. Let k(z) = -2*z - 2*z + 0*z - 1. Let x(o) = 3*a(o) - 2*k(o). Is x(-3) a composite number?
False
Is 14 + -16 - 42/(-2) prime?
True
Let q(h) = -h**3 + 3*h**2 + 3*h + 2. Suppose 5*b = b - 2*k - 2, 17 = b + 4*k. Is q(b) a prime number?
True
Suppose 3*o + 2*o - 5*i = 25, 4*i - 1 = -3*o. Suppose 5*s - o = 4*s. Suppose 6*b - 165 = s*b. Is b a prime number?
False
Let r be (3 + -2)*-2 - -4. Suppose -2 = -y, r*p - 6*p = -3*y + 118. Let v = p + 43. Is v composite?
True
Let m = 2 + 2. Suppose -2*c - 3 = -3*w - 5, 2*w - 12 = m*c. Is 1*1/w*-316 prime?
True
Let s(b) = b + 10. Let t be (-21)/(-7) - (-2)/2. Suppose 61 = t*g - 5*x, -2*g = g - 4*x - 47. Is s(g) prime?
True
Suppose 0 = -i - 3 + 7. Let q = -7 + i. Is 3/(-2)*134/q composite?
False
Let d(b) = b**3 - b**2 - 1. Let m be d(2). Suppose 5*c = -l + 93, -m*c - 6*l + 3*l = -51. Is c a prime number?
True
Suppose 3*s + 5*r - 201 = 0, 3*s + s - 5*r = 233. Suppose 103 + s = 3*o. Is o a prime number?
False
Is 6/33 - (-4299)/11 a composite number?
True
Let q(k) = 2*k**3 + 2*k + 1. Let a be q(-2). Let r be 2*(1 + -35*1). Let g = a - r. Is g a prime number?
False
Let l = 214 - -159. Is l prime?
True
Let i = 72 - -59. Is i composite?
False
Let u be 4/(-10) - (-2876)/(-10). Let m be ((-6)/8)/(3/u). Suppose -2*j - q = -33, -3*j + m = -2*q - q. Is j a prime number?
True
Let z(h) = h**3 + 9*h**2 - 5*h - 4. Let n be z(-5). Suppose n + 432 = 7*w. Is w a composite number?
False
Let s = 3 - 0. Suppose 1 = s*i - 11. Suppose 4*g = 4*x - 241 - 115, 0 = -i*g. Is x composite?
False
Suppose m = 4 - 0. Suppose 3*v - i = 358, -m = 3*i - 1. Is v composite?
True
Suppose -p - 4*p = 1605. Suppose 7*t = -18 + 46. Is p/(-9) + t/(-6) a composite number?
True
Let b = -6 - -12. Suppose 0 = -5*z + 4 + b. Suppose -z*y + 126 + 196 = 0. Is y composite?
True
Let t(b) = b - 3. Let s be t(4). Is -2*(s - 246/4) prime?
False
Let r(s) = -2*s - 5. Suppose 0 = 3*i + 2 + 10. Let f be r(i). Is -23*1*f/(-1) composite?
True
Let x(s) = 4*s**3 - 5*s**2 - 4*s + 3. Let n be x(4). Suppose 442 = 3*g + n. Is g composite?
True
Let g = 9 - 4. Let w = g - 0. Suppose -d = -w*d + 636. Is d prime?
False
Let q = 207 - -9. Let n = -25 + q. Is n composite?
False
Suppose -4*j = 2*q - q - 509, -5*q = -3*j + 376. Is j prime?
True
Let k(y) = 16*y + 1 + 32*y + 7*y + 19*y. Is k(2) a composite number?
False
Let g = 9 - 9. Suppose g = -0*r - 3*r + 4*z + 645, -3*z = 5*r - 1046. Is r a composite number?
False
Let i = -18 + 107. Is i prime?
True
Suppose 0 = -9*y - y + 15610. Is y prime?
False
Suppose -3*h + 40 = -2. Is h prime?
False
Suppose 0*q + q - 3 = 0. Is q*(4 + 335 + -2) composite?
True
Suppose -3*m - 2*c + 2777 = 0, -10*m + 7*m + 2782 = c. Is m a prime number?
True
Let a(n) = 53*n - 5. Is a(12) composite?
False
Let h(z) = -z + 7. Let t be h(12). Let u(k) = 4*k**3 - 7*k - 202. Let s(m) = -3*m**3 + 5*m + 135. Let y(c) = t*u(c) - 7*s(c). Is y(0) composite?
True
Let a be (6 + -5)/((-1)/25). Let c = -10 - a. Is c a composite number?
True
Suppose -10 + 26 = 4*c. Is c/((-4)/(-45)) + -2 prime?
True
Suppose 0 = 17*r - 20*r + 3027. Is r a composite number?
False
Let j = 962 + -454. Suppose -3*s = -7*s + j. Is s a composite number?
False
Suppose -2*w + 90 = 3*w. Let q = 29 - 25. Suppose -q*s + w = 6. Is s a prime number?
True
Let k(p) = 33*p + 1. Is k(6) composite?
False
Is ((-254)/1)/(12 + -14) a composite number?
False
Suppose 41*x - 3037 = 40*x. Is x prime?
True
Let q = 8 + -6. Let r(g) = 4*g**3 - 2*g**2 + 5*g + 1. Let u(b) = -12*b**3 + 5*b**2 - 14*b - 3. Let i(s) = -11*r(s) - 4*u(s). Is i(q) a composite number?
False
Suppose 5*y + 6 = 1. Is y - 6*(-3 + -1) composite?
False
Let u(d) = 224*d**2 - 3. Is u(2) composite?
True
Suppose -q + 4 = 2*z, -3*q + z + 12 = -3*z. Suppose 0 = q*r + 5*j - 125, 3*r - j = -5*j + 93. Is r prime?
False
Is -4*(810/(-24) + 2) composite?
False
Suppose -2*l + 328 = -0*l - 3*a, 5*l + 4*a = 866. Suppose -4*u + 450 + l = 0. Is u composite?
True
Is 2260/24 - 2/12 a composite number?
True
Is 21 - 18 - (-416)/(1 - -1) a prime number?
True
Let h = 25 + 106. Is h a composite number?
False
Let g(o) = 13*o**2 + 2. Let h be g(3). Let q = -82 + h. Is q composite?
False
Let p = -933 - -2980. Is p prime?
False
Let l(a) = -28*a**3 - 2*a**2 - a + 2. Is l(-3) a prime number?
True
Suppose 2*c = -0*c + 320. Is (-4)/12 - c/(-3) composite?
False
Let k(r) = r + 90 - 3*r**2 + 4*r**2 - r. Let l be k(0). Let x = -23 + l. Is x a composite number?
False
Let b(p) = p + 13. Let v be b(0). Let c = 18 - v. Suppose 4*t = c + 87. Is t a composite number?
False
Let t be 1 - 2 - (0 + -2). Let q = t - -2. Suppose 34 = 4*r + 5*u, 0 = q*r + u - 4*u - 12. Is r composite?
True
Let w = 7 - 3. Suppose -w*t + 2408 = 616. Let i = t - 183. Is i prime?
False
Suppose 5*j - 38 = 27. Let p(f) = 2*f**2 + 4*f + 7. Is p(j) composite?
False
Let h = 432 - -55. Is h prime?
True
Let m(l) = 19*l**2 + 9*l + 49. Is m(-6) prime?
False
Suppose 0*x - 2*x = -614. Is x a composite number?
False
Is (-18 - 383)*(-2)/2 a composite number?
False
Is (4/6)/((-6)/(-135)) a composite number?
True
Let g be 32/(-14) + (-2)/(-7). Let d = 1 + g. Let x = d - -15. Is x a composite number?
True
Is 1558/4 + 81/54 prime?
False
Let f(z) = 4*z - 9. Let i be f(4). Let g(r) = 3 + r**3 + 6 - 3*r + 9*r - 5*r**2. Is g(i) a prime number?
True
Suppose 15 = 2*i + 3*j, -5*i - 4*j = -j - 15. Suppose i = 3*n - 5*y - 67, 0*y + 3*y + 6 = 0. Is n a composite number?
False
Suppose -484 = -3*g + 437. Is g a composite number?
False
Let i be 2/((-2)/4 + 1). Let l(d) = 26*d**2 - 4*d - 5. Let c be l(i). Suppose -3*v - m + 233 = 0, -2*v - 5*m = 3*v - c. Is v a composite number?
True
Suppose c - 4 = d - 3*c, c = d + 1. Let j be (9/(-3) - -2)*d. Is j - (-23 - (2 + -2)) a prime number?
True
Let q = 1 + 1. Let i(j) = 1 + 2 - 8 + 4*j + q. Is i(4) a prime number?
True
Suppose -3*c = -3*x + 12, 2*x = 4*c + 7 + 19. Let w = 7 + c. Is (w/(-1))/((-4)/(-26)) prime?
True
Suppose -m - 5*i = -i - 1361, -2*m + 2722 = -4*i. Is m composite?
False
Suppose 0 = 2*u - 0*u - 12. Suppose 2*t - x - 511 = 0, 5*t - u*x - 1282 = -5*x. Is t a composite number?
False
Suppose 4 = 5*i - 51. Is 1197/i - (-4)/22 a composite number?
False
Is 1/2 - (-3752)/16 a composite number?
True
Suppose -5*x + 389 = -326. Is x - (1 - -3 - 2) composite?
True
Let t(b) = b**2 + 5*b + 2. Let c be t(-4). Let k be c/(-10) + 12/15. Is (9/(-12))/(k/(-20)) a composite number?
True
Let u be 2 - 5/(10/474). Let v = u + 329. Is v composite?
True
Let m = 0 - -8. Let y = -6 + m. Is y/7 - 537/(-7) a prime number?
False
Suppose -l = -5*j - 572, l + 2*l - 3*j - 1656 = 0. Is l a prime number?
True
Suppose -2 = 2*g - 6. Suppose g*v = -2*v + 348. Is v a composite number?
True
Suppose m + 1 = 0, -5*y - 2*m + 0*m = -13. Suppose -4*p + 5*i + 136 = 0, -68 = -2*p - y*i - 0*i. Is p prime?
False
Suppose -n + 0*n = 0. Suppose -2*h + 491 - 85 = n. Is h prime?
False
Suppose 5*k - 741 = 2*u, -3*k + 5*u - 4*u + 445 = 0. Is k composite?
False
Let d(z) be the third derivative of z**5/20 + z**4/24 + 2*z**3/3 + 2*z**2. Let p be d(7). Suppose 5*a - 297 = 2*y, 4*y - 36 = 2*a - p. Is a a composite number?
False
Let v(l) = -3*l + 3. Let r be v(-6). Let u = r + -14. Is u a prime number?
True
Let l(z) = z**3 + z**2 - 4*z - 3. Suppose 0 = -2*o - 3*r + 5, 4*o + 4*r - 8 = 2*o. Let f be l(o). Suppose -42 = -2*m - 3*u, -4*u = -f - 15. Is m composite?
True
Let l(a) = 16*a**2 + a - 2. Suppose -j + 3*j + 25 = 3*h, 3*h - 5*j = 40. Is l(h) a prime number?
False
Suppose 2*y - 4*y = h - 2, -1 = -y + h. Is 1/((-2 + y)/(-131)) a composite number?
False
Suppose -w - 2*w = 0. Suppose w = -0*z + 3*z - 957. Is z composite?
True
Suppose 0*c - 2*k = 2*c - 38, 4*k = -2*c + 44. Let v(p) = p + 4. Let w be v(-4). Suppose -7*r = -2*r + 5*j - 70, w = -r + j + c. Is r a prime number?
False
Suppose 214 = t - 3*t. Let k = -15 + -41. Let o = k - t. Is o a prime number?
False
Suppose 0 = 12*f + f - 3263. Is f a prime number?
True
Suppose 3*a = 2*s + 2*a - 137, -3*s + 5*a = -202. Is s a composite number?
True
Let t = 1596 + -702. Suppose -3*f + t = -0*f. Is f prime?
False
Let p = -26 + 38. Let l 